s -2 - -2?
0
In base 9, what is 5 + 35?
41
In base 10, what is 3 - -1080?
1083
In base 8, what is 0 + -16070?
-16070
In base 7, what is 261 + 10?
301
In base 6, what is -30 + -5?
-35
In base 6, what is 13504 - -3?
13511
In base 4, what is -2103 - -1?
-2102
In base 3, what is 1001201 + -2?
1001122
In base 16, what is -a8 + 1?
-a7
In base 3, what is 2 - -1000?
1002
In base 5, what is -2 - -1104?
1102
In base 7, what is 56 + -34?
22
In base 3, what is -200021 + 1?
-200020
In base 11, what is 5 - -236?
240
In base 8, what is 1517 - 4?
1513
In base 2, what is 10 + 10100010111?
10100011001
In base 11, what is -115 - 0?
-115
In base 7, what is 14 + 462?
506
In base 7, what is -202 + 1?
-201
In base 16, what is -18 - -7?
-11
In base 11, what is -7 - 532?
-539
In base 4, what is -10 - 210?
-220
In base 3, what is 1121 + -110222?
-102101
In base 15, what is -2 + -362?
-364
In base 7, what is -341 - 4?
-345
In base 4, what is -313 - -2?
-311
In base 4, what is 131 - 102?
23
In base 6, what is -1 - -501?
500
In base 9, what is 553 + -21?
532
In base 5, what is -423 + -1?
-424
In base 4, what is 1020 + -120?
300
In base 14, what is -7 - 2184?
-218b
In base 14, what is -8 - -68?
60
In base 16, what is -29 + -2?
-2b
In base 12, what is -4 + -103?
-107
In base 13, what is 2 - -c90?
c92
In base 5, what is 13402 + -4?
13343
In base 14, what is 7c1 + 4?
7c5
In base 13, what is 4 - 0?
4
In base 9, what is -17 + -1287?
-1315
In base 11, what is 3 - -170?
173
In base 2, what is -101 - -100010?
11101
In base 5, what is 40432 + 0?
40432
In base 2, what is -11111 - 10001101?
-10101100
In base 16, what is 2 + -19?
-17
In base 15, what is -29ed + 2?
-29eb
In base 6, what is 5 + -4520?
-4511
In base 10, what is 95 + -6?
89
In base 6, what is 31 + 1332?
1403
In base 15, what is -9 + -1a?
-24
In base 4, what is -11 + -202?
-213
In base 2, what is -10 - 10010101?
-10010111
In base 5, what is -10 + 22033?
22023
In base 11, what is -480 - 0?
-480
In base 12, what is 303 - -3?
306
In base 13, what is 4 - 1c4?
-1c0
In base 16, what is 6 + 3?
9
In base 5, what is 1402 - -41?
1443
In base 8, what is -26 + -10?
-36
In base 11, what is -1 - a03?
-a04
In base 14, what is -2 - 1da?
-1dc
In base 6, what is -42 + -341?
-423
In base 16, what is 249 - -3?
24c
In base 13, what is 2 + -56?
-54
In base 13, what is 5 + 521?
526
In base 6, what is -1 - 2102?
-2103
In base 11, what is 852 - 4?
849
In base 8, what is -1567 + 3?
-1564
In base 5, what is 10 - 24?
-14
In base 16, what is 37 + -4?
33
In base 16, what is 12 - -5d5?
5e7
In base 16, what is 3 - -1c2?
1c5
In base 11, what is 0 + -448?
-448
In base 11, what is 164a7 - -3?
164aa
In base 6, what is 114532 + 0?
114532
In base 2, what is -101000001 - 110?
-101000111
In base 14, what is -3 - dd?
-102
In base 10, what is 4 - 154?
-150
In base 13, what is 55 - -1a5?
22a
In base 8, what is -1 - -7?
6
In base 2, what is -11011100 + -1?
-11011101
In base 2, what is 11 - 1101110111?
-1101110100
In base 16, what is -17 + 15?
-2
In base 12, what is -504 - -1?
-503
In base 16, what is 2 - -10d?
10f
In base 9, what is 1883 - 1?
1882
In base 13, what is -24 + -b?
-32
In base 7, what is 5 + 223?
231
In base 9, what is -4 - -632?
627
In base 8, what is 1 - 11?
-10
In base 3, what is -110 + -1101121?
-1102001
In base 13, what is 3 - 48?
-45
In base 4, what is -211 - -11?
-200
In base 5, what is 1 + 1314?
1320
In base 12, what is 8 + -1b7?
-1ab
In base 12, what is -3 - 142?
-145
In base 11, what is -5 - 127?
-131
In base 6, what is 4105 + -15?
4050
In base 2, what is 1 - 1010101011110?
-1010101011101
In base 16, what is -4 + -3d?
-41
In base 11, what is 166 + -4?
162
In base 11, what is -4 + 32?
29
In base 3, what is -11 + 2221002?
2220221
In base 9, what is 3 - -74?
77
In base 5, what is 20 + -222?
-202
In base 14, what is 307 - -1?
308
In base 12, what is -9 - -160?
153
In base 8, what is 701 - -4?
705
In base 15, what is -19b - 2?
-19d
In base 9, what is 42 + 10?
52
In base 16, what is 0 - -1f?
1f
In base 11, what is -14 - 198?
-201
In base 6, what is -2323 + -3?
-2330
In base 4, what is -23 + 2?
-21
In base 15, what is 1 - 13?
-12
In base 15, what is 2 - 79?
-77
In base 15, what is 2a0 + 12?
2b2
In base 5, what is -21224 + -3?
-21232
In base 15, what is 1 - -33?
34
In base 11, what is 1646 + -4?
1642
In base 2, what is -1111 - 1011101?
-1101100
In base 8, what is -2 + -3715?
-3717
In base 7, what is 24 - -106?
133
In base 8, what is 151 - 115?
34
In base 15, what is 19 - 6?
13
In base 16, what is 3 + -401?
-3fe
In base 7, what is 32 + -111?
-46
In base 4, what is -2 + 103?
101
In base 8, what is 31 - -77?
130
In base 8, what is 1 - -63?
64
In base 4, what is -11 - 13020?
-13031
In base 15, what is 13 + 4?
17
In base 12, what is -96 + -20?
-b6
In base 3, what is -11211 - -10?
-11201
In base 9, what is -65 - -5?
-60
In base 15, what is -2d + -8d?
-bb
In base 11, what is 311 + 12?
323
In base 12, what is 8 + 28?
34
In base 11, what is -4 - 91?
-95
In base 11, what is -185 + -1?
-186
In base 14, what is -12 - -46?
34
In base 8, what is 111 + 11?
122
In base 4, what is -1 - -12331?
12330
In base 13, what is -1824 + -2?
-1826
In base 9, what is -115 - -18?
-86
In base 15, what is -4 + -20?
-24
In base 6, what is 352 + -1?
351
In base 6, what is 133 - 422?
-245
In base 16, what is -17a + e?
-16c
In base 5, what is -1343 - 4?
-1402
In base 6, what is 0 + -10110?
-10110
In base 3, what is 111221 - 10?
111211
In base 13, what is -190 - 5?
-195
In base 3, what is 2102 + 1012?
10121
In base 16, what is 2c - 12b?
-ff
In base 9, what is -3 - 123?
-126
In base 12, what is 15 + -176?
-161
In base 4, what is 0 + -3132?
-3132
In base 2, what is 110 - 1001100?
-1000110
In base 8, what is 12 + -321?
-307
In base 10, what is -14 - -18?
4
In base 5, what is -11320 - 2?
-11322
In base 11, what is -6 + -10?
-16
In base 14, what is 6 + 2?
8
In base 10, what is 7 + -1432?
-1425
In base 8, what is 6 - -14?
22
In base 14, what is -2 - -40?
3c
In base 3, what is -2 + 221001?
220222
In base 10, what is -5 - -202?
197
In base 2, what is -1000010 - 1011?
-1001101
In base 3, what is 20101 - 100?
20001
In base 13, what is 34 - -155?
189
In base 13, what is -4c + 6?
-46
In base 15, what is 5 - 1?
4
In base 16, what is 3 - -5f?
62
In base 12, what is 237 - 71?
186
In base 13, what is -799 + -1?
-79a
In base 10, what is 2 + 2438?
2440
In base 11, what is -4 + -67?
-70
In base 4, what is 11003 - -2?
11011
In base 10, what is -6881 + -1?
-6882
In base 4, what is 11 - 11311?
-11300
In base 12, what is 0 + -28?
-28
In base 9, what is 138 - 1?
137
In base 5, what is 4 + 420?
424
In base 13, what is -14 - 10?
-24
In base 16, what is 0 - 22?
-22
In base 2, what is -101110 - 1?
-101111
In base 4, what is 230 + 12?
302
In base 15, what is -6 + -20?
-26
In base 2, what is -11100101101 + 1?
-11100101100
In base 16, what is -111 - -2?
-10f
In base 5, what is 33 + 243?
331
In base 4, what is 1210 + 3?
1213
In base 7, what is -15120 + 3?
-15114
In base 6, what is -123 + -5?
-132
In base 9, what is 485 + 1?
486
In base 13, what is -5 - -107?
102
In base 14, what is -10 + a?
-4
In base 9, what is 126 + 174?
311
In base 5, what is 3210 - 20?
3140
In base 5, what is -31 - -1?
-30
In base 5, what is -1234 - 3?
-1242
In base 2, what is -1101011010 + -101?
-1101011111
In base 3, what is -2 - 120010?
-120012
In base 14, what is c9 + 1b?
106
In base 12, what is -5 - 7a6?
-7ab
In base 11, what is 8 + 662?
66a
In base 5, what is 103 - 3?
100
In base 3, what is -22 - -211?
112
In base 3, what is 1 - -2021022?
2021100
In base 3, what is 10021 + 102?
10200
In base 11, what is 7 + -44?
-38
In base 14, what is 18 - -11?
29
In base 4, what is 32121 - -1?
32122
In base 14, what is -16a + -5?
-171
In base 16, what is -6 + 1?
-5
In base 2, what is -110 - -1001001111?
1001001001
In base 8, what is -12257 + 2?
-12255
In base 4, what is 0 - 203?
-203
In base 14, what is 0 - -18a?
18a
In base 7, what is 42 - 4?
35
In base 11, what is -1 - 2a?
-30
In base 12, what is 2 - baa?
-ba8
In base 10, what is 24 - 13?
11
In base 5, what is -21 + -221?
-242
In base 11, what is -3 + -78?
-80
In base 10, what is 7 - 1?
6
In base 9, what is 1 - -6?
7
In base 14, what is -5 + 6b?
66
In base 13, what is -c7 + -46?
-140
In base 16, what 